c be v(8). Let u be 13 + (c + -2)/2. Let d = -108 + 110. What is the highest common divisor of d and u?
2
Let l = 21216 + -9408. Calculate the highest common divisor of l and 41.
41
Let j(o) = 21*o + 5. Let r be j(1). Let t = 4 + r. Suppose 100 = 4*q - 80. Calculate the highest common factor of q and t.
15
Let p(j) = 99*j**2 + 41*j + 221. Let h be p(-5). What is the highest common divisor of h and 94?
47
Suppose -3*x + 4*x = 3*z + 75, 3*x + 5*z = 155. Suppose -136 = -7*y + x. What is the greatest common divisor of y and 20?
4
Suppose 63*f - 12420 = -209*f - 73*f. Calculate the highest common factor of 3900 and f.
12
Suppose -122*i + 43778 + 31271 = 12463. Calculate the highest common divisor of i and 27.
27
Let o = -3996 - -4206. Calculate the greatest common factor of o and 658.
14
Let j be -9 + 7 + (-87 - -71)/(-2 + 0). Let w = 0 + 4. Let q = 7 - w. What is the greatest common factor of q and j?
3
Suppose 3*s - 5*s + 9*s - 3136 = 0. What is the greatest common divisor of 512 and s?
64
Suppose 10*j - 31 - 69 = 0. Suppose -j*n = -22*n + 24. What is the greatest common divisor of n and 17?
1
Let r(a) = 2*a**3 - a**2 - 49*a + 248. Let y be r(5). Suppose -4*b = -118 + 42. Calculate the greatest common factor of y and b.
19
Suppose 9*i + 15*i - 46872 = 0. What is the greatest common factor of i and 630?
63
Suppose -14*g = -18*g - 12. Let h = g - -3. Suppose -l = 2*j - 3, 4*l - 67 = -h*l + 3*j. Calculate the greatest common divisor of l and 117.
13
Let h(v) = -v + 16. Let b be h(11). Suppose 0 = -5*n, 0*d = -b*d - 2*n + 10. Let k = 12571 + -12563. Calculate the highest common factor of k and d.
2
Suppose -157*t = -64*t - 7812. Let n = -83 - -391. Calculate the highest common divisor of t and n.
28
Suppose -3*i - 4*o + 26 = -24, 2*i - 2*o = 24. Let s(j) = 5273*j - 5147. Let w be s(1). What is the highest common factor of i and w?
14
Suppose 887 - 279 = 32*n. Suppose -33 = -3*k + 204. Let g = 155 - k. What is the highest common factor of g and n?
19
Let f be ((-352)/6)/((-4)/30). Suppose 10017 = 135*q + 2592. Calculate the greatest common factor of f and q.
55
Let q(c) = -c + 53. Let d be q(-18). Let k = d + -23. What is the greatest common divisor of k and 336?
48
Let a = -883 + 887. Suppose -a*l + 3759 = m, 0 = 5*l - 15*m + 18*m - 4697. Calculate the highest common factor of l and 20.
20
Let b be (-15 - 3)*(-17 + 0 + 26 + -22). Calculate the highest common factor of b and 1794.
78
Let j be (-14)/(-6)*60/(-10). Let v be (j - -1)/(0 - (-9)/(-144)). What is the highest common factor of v and 16?
16
Let i = 386 + -241. Let m = -115 + i. What is the highest common factor of m and 6?
6
Let p be 10502/16 + 1179/(-3144). Calculate the greatest common factor of p and 451.
41
Let j(d) = -69*d**3 + 4*d**2 + 39*d + 37. Let y be j(-1). Calculate the greatest common divisor of 3 and y.
1
Let m(j) be the second derivative of -j**4/4 + 22*j**3/3 - 55*j**2/2 - 206*j. Let n be m(13). Calculate the greatest common factor of n and 3.
1
Let r = 931 + -899. Suppose 2*z - 2 = -2*y, -3*z = -4*y - 0*y - 38. Let l be (16/6)/(1/z). What is the greatest common factor of l and r?
16
Let w(c) = 38*c + 373. Let f be w(25). Calculate the highest common divisor of 27 and f.
27
Suppose -41*m - 48 = -44*m. Suppose -y + m = -4*s, 4*s = -10*y + 8*y + 44. Calculate the greatest common factor of 320 and y.
20
Let x be (-192)/(-12) + (-2 - 5). Let d be 9*1/(-1)*-9. What is the greatest common divisor of x and d?
9
Let s = 139 + -140. Let f be 12/6 + 53 + s/1. Calculate the highest common divisor of 486 and f.
54
Let g be 1406/304 + 6/16. Let n be g + (-28 + 7)/(-7). Calculate the greatest common factor of n and 152.
8
Suppose -67*i - 86400 = -117*i. What is the highest common divisor of i and 216?
216
Let k(n) = 4*n**3 + 174*n**2 + 2*n + 3993. Let s be k(-44). Let l = -84 + 161. What is the highest common divisor of l and s?
11
Let z be 120/1140 + (-34)/(-38). Let s be (-75 - -195)*(-28)/(-6)*z. Calculate the greatest common factor of 35 and s.
35
Let p(t) = 302*t**2 - t. Let y be p(1). Suppose 62*j - 18 = 65*j, -2*x + 71 = -j - 21. Calculate the greatest common factor of x and y.
43
Let x be -12 - 10/((-30)/(-6)). Let h(f) = -6*f - 6. Let i be h(x). Let o(d) = 2*d**2 - 3*d + 6. Let a be o(4). What is the highest common divisor of i and a?
26
Let z(l) = 18*l**2 + 3*l + 4. Let p be z(-2). Let i = p - 67. Suppose 0 = 3*d + d + 5*n - 35, 5*n - 25 = -i*d. What is the greatest common divisor of 70 and d?
10
Let m(i) = 8*i**2 + 19*i + 123. Suppose -2*b = -3*x - 18, -12 = x + x - 5*b. Let p be m(x). Calculate the highest common factor of p and 198.
99
Suppose 4*q + 222 = -2*d, q = 4*q + 5*d + 177. Let w = q + 84. Let y be w*8/12*1/1. What is the greatest common divisor of y and 8?
4
Suppose -151*g + 32602 + 62377 = 0. Calculate the greatest common divisor of 289 and g.
17
Suppose -3*v + 61649 = 5*z, 38*v + 49343 = 4*z + 37*v. Calculate the highest common divisor of z and 42.
14
Let r be (-1*36/3)/(-6*3/816). Calculate the greatest common divisor of 340 and r.
68
Suppose 3*q - 4607 = -2*c, 0 = -5*q - 4*c + 7*c + 7710. Calculate the greatest common divisor of q and 76.
19
Let t = -13214 - -19038. Suppose -35*o + 21*o = -t. Calculate the greatest common factor of o and 26.
26
Let g = 460 - 464. Let w be g/(-7) + (-312)/(-42). What is the greatest common divisor of w and 44?
4
Let h(p) = -p**3 - 13*p**2 - 3*p - 16. Let i be h(-13). Suppose g - 460 = -3*g + 4*u, -4*u = 5*g - 575. Calculate the greatest common factor of g and i.
23
Suppose -19*p + 12*p = 1358. Let f be p/(-22) + (-32)/(-176). What is the highest common factor of f and 99?
9
Let c(v) = -4*v + 16. Suppose 0*h = -5*h + 25. Let l be c(h). Let r be (34 - l) + 4/2. What is the greatest common divisor of r and 30?
10
Let b(y) = 78*y**3 - 4*y**2 - 2*y. Let i be b(1). Calculate the highest common divisor of i and 738.
18
Let q be ((-8)/(-6))/(21/(21420/40)). What is the greatest common divisor of 1819 and q?
17
Suppose 128*f + 25776 = 132*f. What is the highest common factor of 18 and f?
18
Let i(c) = 15161*c**2 - 5*c + 15. Let p be i(1). What is the greatest common factor of p and 39?
39
Let d(r) = -5*r - 34. Let g = 57 + -46. Let x be d(g). Let f = 92 + x. Calculate the highest common factor of f and 6.
3
Let r = 23466 + -23421. What is the greatest common factor of r and 387?
9
Let b(t) = t**3 - 12*t**2 + 25*t + 3. Let q be b(13). Suppose 5*g - g - q = -3*n, 2*n = 2*g - 266. Let f = g - 86. What is the highest common factor of 6 and f?
6
Suppose -4*w - y - y - 876 = 0, -y + 1081 = -5*w. Let q = w + 407. Let a be (-22)/(-363)*-3 - 112/(-11). Calculate the greatest common factor of a and q.
10
Let g = 425 - 388. Let s(c) = c**2 - 36*c - 25. Let v be s(g). Calculate the greatest common divisor of 12 and v.
12
Suppose 13952*m - 13939*m - 28496 = 0. Calculate the highest common factor of 32 and m.
16
Let o = 1150 - 1141. Suppose 0*k + 21 = i + k, 0 = -k + 3. What is the highest common factor of i and o?
9
Suppose -5*t + 0*t + 5*w - 2645 = 0, -2*t - w = 1058. Let q = t + 802. Let y = -3093 + 3132. What is the greatest common factor of y and q?
39
Let s be (26*1)/((-6)/(-9)). Suppose -2*w - y = -s, 2*w - 2*y - 42 = -0*w. Let a = -605 + 620. Calculate the greatest common divisor of a and w.
5
Let a(g) = -8*g - 65. Let w be a(-9). Let n be -32*(27/6 - w). What is the highest common factor of 60 and n?
20
Suppose 0*b = 42*b - 2900 - 6760. Suppose k - l = 3 + 15, 4*k - 88 = -4*l. What is the greatest common divisor of k and b?
10
Let m(j) = -14*j - 482. Let r be m(-37). Calculate the highest common divisor of r and 2.
2
Let p(l) be the third derivative of -1/8*l**4 + 2*l**2 + 0*l + 1/3*l**3 + 0. Let v be p(-2). What is the highest common factor of 24 and v?
8
Suppose 0 = -5*z - 5*b + 436 + 739, 3*z - 717 = b. Suppose -4*m + 93 = -43. Calculate the greatest common divisor of m and z.
34
Suppose -5*d + 4*r + 2714 = 7*r, -d = -4*r - 552. Calculate the highest common factor of d and 748.
68
Let k be (-4)/18 - (-58)/18. Suppose o - 6*o = 2*p - 14, -3*p + k*o = 0. Let y = 7 + p. Calculate the highest common divisor of 45 and y.
9
Let l(b) = -24*b**3 - 4*b**2 - 5*b - 1. Let d be l(-1). Calculate the highest common divisor of d and 3612.
12
Suppose 3*d 